
3, 1627
List the prime factors of 171949.
107, 1607
What are the prime factors of 1035?
3, 5, 23
What are the prime factors of 3498?
2, 3, 11, 53
List the prime factors of 13533.
3, 13, 347
What are the prime factors of 11337?
3, 3779
List the prime factors of 164.
2, 41
What are the prime factors of 39228?
2, 3, 7, 467
List the prime factors of 23371.
23371
List the prime factors of 15621.
3, 41, 127
What are the prime factors of 3595?
5, 719
What are the prime factors of 1062?
2, 3, 59
What are the prime factors of 14722?
2, 17, 433
What are the prime factors of 73905?
3, 5, 13, 379
What are the prime factors of 12210?
2, 3, 5, 11, 37
List the prime factors of 13820.
2, 5, 691
List the prime factors of 9296.
2, 7, 83
List the prime factors of 1590.
2, 3, 5, 53
List the prime factors of 16048.
2, 17, 59
What are the prime factors of 5105?
5, 1021
List the prime factors of 742.
2, 7, 53
List the prime factors of 3688.
2, 461
List the prime factors of 68903.
68903
What are the prime factors of 141028?
2, 35257
List the prime factors of 50638.
2, 7, 3617
List the prime factors of 9768.
2, 3, 11, 37
What are the prime factors of 737?
11, 67
List the prime factors of 101665.
5, 20333
What are the prime factors of 57527?
57527
What are the prime factors of 391?
17, 23
What are the prime factors of 73093?
19, 3847
What are the prime factors of 104693?
104693
List the prime factors of 430.
2, 5, 43
What are the prime factors of 3936?
2, 3, 41
What are the prime factors of 41976?
2, 3, 11, 53
What are the prime factors of 377?
13, 29
What are the prime factors of 7162?
2, 3581
List the prime factors of 327.
3, 109
List the prime factors of 2617.
2617
What are the prime factors of 1881?
3, 11, 19
List the prime factors of 1645.
5, 7, 47
List the prime factors of 70554.
2, 3, 11, 1069
List the prime factors of 61772.
2, 15443
What are the prime factors of 30763?
30763
List the prime factors of 2002.
2, 7, 11, 13
List the prime factors of 8585.
5, 17, 101
What are the prime factors of 1057?
7, 151
What are the prime factors of 563?
563
What are the prime factors of 25087?
25087
List the prime factors of 776.
2, 97
List the prime factors of 2005.
5, 401
List the prime factors of 868.
2, 7, 31
List the prime factors of 15025.
5, 601
List the prime factors of 462.
2, 3, 7, 11
What are the prime factors of 61263?
3, 2269
List the prime factors of 9877.
7, 17, 83
List the prime factors of 5188.
2, 1297
What are the prime factors of 335?
5, 67
What are the prime factors of 34835?
5, 6967
List the prime factors of 28746.
2, 3, 1597
What are the prime factors of 594?
2, 3, 11
List the prime factors of 10868.
2, 11, 13, 19
What are the prime factors of 51642?
2, 3, 19, 151
List the prime factors of 2071.
19, 109
List the prime factors of 177.
3, 59
List the prime factors of 58758.
2, 3, 7, 1399
What are the prime factors of 1220?
2, 5, 61
List the prime factors of 6120.
2, 3, 5, 17
What are the prime factors of 199390?
2, 5, 127, 157
What are the prime factors of 6038?
2, 3019
List the prime factors of 51902.
2, 25951
What are the prime factors of 934?
2, 467
List the prime factors of 23674.
2, 7, 19, 89
What are the prime factors of 3830?
2, 5, 383
List the prime factors of 32059.
32059
What are the prime factors of 21075?
3, 5, 281
What are the prime factors of 11114?
2, 5557
What are the prime factors of 7664?
2, 479
List the prime factors of 4370.
2, 5, 19, 23
What are the prime factors of 6676?
2, 1669
What are the prime factors of 1124?
2, 281
List the prime factors of 10709.
10709
List the prime factors of 13168.
2, 823
List the prime factors of 2910.
2, 3, 5, 97
List the prime factors of 8275.
5, 331
What are the prime factors of 4520?
2, 5, 113
What are the prime factors of 2359?
7, 337
What are the prime factors of 29639?
107, 277
What are the prime factors of 575?
5, 23
What are the prime factors of 7465?
5, 1493
List the prime factors of 3525.
3, 5, 47
List the prime factors of 17320.
2, 5, 433
List the prime factors of 20901.
3, 6967
What are the prime factors of 12292?
2, 7, 439
List the prime factors of 2472.
2, 3, 103
List the prime factors of 887.
887
List the prime factors of 1548.
2, 3, 43
What are the prime factors of 756?
2, 3, 7
What are the prime factors of 4914?
2, 3, 7, 13
What are the prime factors of 3114?
2, 3, 173
What are the prime factors of 1067?
11, 97
List the prime factors of 10129.
7, 1447
List the prime factors of 4221.
3, 7, 67
List the prime factors of 58892.
2, 14723
List the prime factors of 12301.
12301
List the prime factors of 26822.
2, 13411
List the prime factors of 29844.
2, 3, 829
List the prime factors of 8654.
2, 4327
What are the prime factors of 4858?
2, 7, 347
What are the prime factors of 414?
2, 3, 23
List the prime factors of 74589.
3, 23, 47
What are the prime factors of 18224?
2, 17, 67
What are the prime factors of 105?
3, 5, 7
What are the prime factors of 24?
2, 3
List the prime factors of 122702.
2, 19, 3229
List the prime factors of 6214.
2, 13, 239
List the prime factors of 34097.
7, 4871
List the prime factors of 89090.
2, 5, 59, 151
List the prime factors of 5860.
2, 5, 293
What are the prime factors of 32396?
2, 7, 13, 89
What are the prime factors of 4515?
3, 5, 7, 43
List the prime factors of 27901.
27901
List the prime factors of 5605.
5, 19, 59
What are the prime factors of 39759?
3, 29, 457
List the prime factors of 32913.
3, 23, 53
List the prime factors of 8237.
8237
What are the prime factors of 20634?
2, 3, 19, 181
List the prime factors of 15190.
2, 5, 7, 31
List the prime factors of 423.
3, 47
List the prime factors of 4118.
2, 29, 71
List the prime factors of 46141.
46141
What are the prime factors of 6192?
2, 3, 43
What are the prime factors of 249?
3, 83
What are the prime factors of 72202?
2, 13, 2777
What are the prime factors of 1030?
2, 5, 103
List the prime factors of 9952.
2, 311
List the prime factors of 10666.
2, 5333
List the prime factors of 1005.
3, 5, 67
What are the prime factors of 1544?
2, 193
What are the prime factors of 1525?
5, 61
List the prime factors of 942.
2, 3, 157
List the prime factors of 18598.
2, 17, 547
List the prime factors of 323.
17, 19
What are the prime factors of 39463?
19, 31, 67
What are the prime factors of 97614?
2, 3, 11, 17, 29
What are the prime factors of 6972?
2, 3, 7, 83
What are the prime factors of 9035?
5, 13, 139
What are the prime factors of 1094?
2, 547
List the prime factors of 128.
2
What are the prime factors of 150?
2, 3, 5
List the prime factors of 9289.
7, 1327
What are the prime factors of 2757?
3, 919
List the prime factors of 5465.
5, 1093
List the prime factors of 600.
2, 3, 5
List the prime factors of 2501.
41, 61
List the prime factors of 3165.
3, 5, 211
What are the prime factors of 168881?
281, 601
List the prime factors of 333.
3, 37
List the prime factors of 2979.
3, 331
What are the prime factors of 1839?
3, 613
What are the prime factors of 40897?
40897
List the prime factors of 34301.
34301
List the prime factors of 2242.
2, 19, 59
What are the prime factors of 132?
2, 3, 11
List the prime factors of 36664.
2, 4583
What are the prime factors of 2781?
3, 103
List the prime factors of 98960.
2, 5, 1237
What are the prime factors of 49542?
2, 3, 23, 359
What are the prime factors of 370?
2, 5, 37
What are the prime factors of 2853?
3, 317
List the prime factors of 33.
3, 11
List the prime factors of 55995.
3, 5, 3733
List the prime factors of 1226.
2, 613
What are the prime factors of 5035?
5, 19, 53
What are the prime factors of 1034?
2, 11, 47
List the prime factors of 4481.
4481
What are the prime factors of 4711?
7, 673
List the prime factors of 2076.
2, 3, 173
What are the prime factors of 15637?
19, 823
What are the prime factors of 7429?
17, 19, 23
What are the prime factors of 805?
5, 7, 23
List the prime factors of 6831.
3, 11, 23
List the prime factors of 73493.
7, 10499
List the prime factors of 168534.
2, 3, 3121
List the prime factors of 1900.
2, 5, 19
What are the prime factors of 698?
2, 349
List the prime factors of 1302.
2, 3, 7, 31
What are the prime factors of 12108?
2, 3, 1009
List the prime factors of 10914.
2, 3, 17, 107
What are the prime factors of 677?
677
List the prime factors of 934